{"id":283,"date":"2019-09-17T22:33:27","date_gmt":"2019-09-17T22:33:27","guid":{"rendered":"http:\/\/consultoraaspro.com.ar\/empresa\/?page_id=283"},"modified":"2019-09-17T22:35:47","modified_gmt":"2019-09-17T22:35:47","slug":"consultoria-auditoria","status":"publish","type":"page","link":"http:\/\/consultoraaspro.com.ar\/empresa\/our-services\/consultoria-auditoria\/","title":{"rendered":"Consultoria\/Auditoria"},"content":{"rendered":"\t\t<div data-elementor-type=\"wp-page\" data-elementor-id=\"283\" class=\"elementor elementor-283\">\n\t\t\t\t\t\t<section class=\"elementor-section elementor-top-section elementor-element elementor-element-eeb0051 elementor-section-boxed elementor-section-height-default elementor-section-height-default\" data-id=\"eeb0051\" data-element_type=\"section\" data-e-type=\"section\">\n\t\t\t\t\t\t<div class=\"elementor-container elementor-column-gap-default\">\n\t\t\t\t\t<div class=\"elementor-column elementor-col-100 elementor-top-column elementor-element elementor-element-3992d6e\" data-id=\"3992d6e\" data-element_type=\"column\" data-e-type=\"column\">\n\t\t\t<div class=\"elementor-widget-wrap elementor-element-populated\">\n\t\t\t\t\t\t<section class=\"elementor-section elementor-inner-section elementor-element elementor-element-eac7a27 elementor-section-boxed elementor-section-height-default elementor-section-height-default\" data-id=\"eac7a27\" data-element_type=\"section\" data-e-type=\"section\">\n\t\t\t\t\t\t<div class=\"elementor-container elementor-column-gap-default\">\n\t\t\t\t\t<div class=\"elementor-column elementor-col-50 elementor-inner-column elementor-element elementor-element-f43ff27\" data-id=\"f43ff27\" data-element_type=\"column\" data-e-type=\"column\">\n\t\t\t<div class=\"elementor-widget-wrap elementor-element-populated\">\n\t\t\t\t\t\t<div class=\"elementor-element elementor-element-c43a77f elementor-widget elementor-widget-image\" data-id=\"c43a77f\" data-element_type=\"widget\" data-e-type=\"widget\" data-widget_type=\"image.default\">\n\t\t\t\t<div class=\"elementor-widget-container\">\n\t\t\t\t\t\t\t\t\t\t\t\t\t\t\t<img fetchpriority=\"high\" decoding=\"async\" width=\"224\" height=\"225\" src=\"http:\/\/consultoraaspro.com.ar\/empresa\/wp-content\/uploads\/2019\/09\/prestaciondepersonal.png\" class=\"attachment-large size-large wp-image-247\" alt=\"\" srcset=\"http:\/\/consultoraaspro.com.ar\/empresa\/wp-content\/uploads\/2019\/09\/prestaciondepersonal.png 224w, http:\/\/consultoraaspro.com.ar\/empresa\/wp-content\/uploads\/2019\/09\/prestaciondepersonal-150x150.png 150w\" sizes=\"(max-width: 224px) 100vw, 224px\" \/>\t\t\t\t\t\t\t\t\t\t\t\t\t\t\t<\/div>\n\t\t\t\t<\/div>\n\t\t\t\t\t<\/div>\n\t\t<\/div>\n\t\t\t\t<div class=\"elementor-column elementor-col-50 elementor-inner-column elementor-element elementor-element-c9fc983\" data-id=\"c9fc983\" data-element_type=\"column\" data-e-type=\"column\">\n\t\t\t<div class=\"elementor-widget-wrap elementor-element-populated\">\n\t\t\t\t\t\t<div class=\"elementor-element elementor-element-191c702 elementor-widget elementor-widget-text-editor\" data-id=\"191c702\" data-element_type=\"widget\" data-e-type=\"widget\" data-widget_type=\"text-editor.default\">\n\t\t\t\t<div class=\"elementor-widget-container\">\n\t\t\t\t\t\t\t\t\t<p>\u00bbServicio de auditor\u00eda de riesgo y cumplimiento de la legislaci\u00f3n y normativa vigente.<br \/>\u00bb Sistemas de administraci\u00f3n de Seguridad y Prevenci\u00f3n de p\u00e9rdidas en proceso.<br \/>\u00bb Diagn\u00f3stico de riesgo de Seguridad y Salud Ocupacional.<br \/>\u00bb Evaluaciones de riesgo<br \/>\u00bb Control ambiental.<br \/>\u00bb Medici\u00f3n de alcohol en sangre.<\/p>\t\t\t\t\t\t\t\t<\/div>\n\t\t\t\t<\/div>\n\t\t\t\t\t<\/div>\n\t\t<\/div>\n\t\t\t\t\t<\/div>\n\t\t<\/section>\n\t\t\t\t\t<\/div>\n\t\t<\/div>\n\t\t\t\t\t<\/div>\n\t\t<\/section>\n\t\t\t\t<\/div>\n\t\t","protected":false},"excerpt":{"rendered":"<p>\u00bbServicio de auditor\u00eda de riesgo y cumplimiento de la legislaci\u00f3n y normativa vigente. \u00bb Sistemas de administraci\u00f3n de Seguridad y Prevenci\u00f3n de p\u00e9rdidas en proceso. \u00bb Diagn\u00f3stico de riesgo de Seguridad y Salud Ocupacional. \u00bb Evaluaciones de riesgo \u00bb Control ambiental. \u00bb Medici\u00f3n de alcohol en sangre.<\/p>\n","protected":false},"author":2,"featured_media":0,"parent":68,"menu_order":0,"comment_status":"closed","ping_status":"closed","template":"template-page_builder.php","meta":{"footnotes":""},"class_list":["post-283","page","type-page","status-publish","hentry"],"_links":{"self":[{"href":"http:\/\/consultoraaspro.com.ar\/empresa\/wp-json\/wp\/v2\/pages\/283","targetHints":{"allow":["GET"]}}],"collection":[{"href":"http:\/\/consultoraaspro.com.ar\/empresa\/wp-json\/wp\/v2\/pages"}],"about":[{"href":"http:\/\/consultoraaspro.com.ar\/empresa\/wp-json\/wp\/v2\/types\/page"}],"author":[{"embeddable":true,"href":"http:\/\/consultoraaspro.com.ar\/empresa\/wp-json\/wp\/v2\/users\/2"}],"replies":[{"embeddable":true,"href":"http:\/\/consultoraaspro.com.ar\/empresa\/wp-json\/wp\/v2\/comments?post=283"}],"version-history":[{"count":3,"href":"http:\/\/consultoraaspro.com.ar\/empresa\/wp-json\/wp\/v2\/pages\/283\/revisions"}],"predecessor-version":[{"id":286,"href":"http:\/\/consultoraaspro.com.ar\/empresa\/wp-json\/wp\/v2\/pages\/283\/revisions\/286"}],"up":[{"embeddable":true,"href":"http:\/\/consultoraaspro.com.ar\/empresa\/wp-json\/wp\/v2\/pages\/68"}],"wp:attachment":[{"href":"http:\/\/consultoraaspro.com.ar\/empresa\/wp-json\/wp\/v2\/media?parent=283"}],"curies":[{"name":"wp","href":"https:\/\/api.w.org\/{rel}","templated":true}]}}